3*a, 4*x + 2*a + a = 151. Suppose -z + 4*z - 27 = 0. Let j be 84/z + 4/6. What is the highest common divisor of j and x?
10
Let o be (20/(-4))/((-2)/46). Calculate the greatest common factor of o and 23.
23
Let y be ((-3)/7)/((-2)/14). What is the greatest common factor of 9 and y?
3
Let y be ((-399)/(-9))/((-1)/(-3)). Let f be -9 + (-142)/(-5) - 2/5. What is the greatest common factor of f and y?
19
Let d(z) = z**3 + 4*z**2 + 3*z - 2. Let k be d(-3). Let i be 1/k + (-123)/(-6). Suppose 0 = -6*l + l + i. What is the greatest common divisor of l and 8?
4
Suppose -7*o + 8*o = 397. Suppose 3*h - o = 329. Calculate the highest common divisor of h and 22.
22
Let x be 0 + 9 + 1 + 3. What is the highest common factor of 13 and x?
13
Let x(n) = -8*n - 30. Let u be x(-5). Calculate the highest common factor of u and 30.
10
Let q be -2 + 0 + -2 + 139. Calculate the highest common factor of q and 27.
27
Suppose 2*r = -3*i - 2, 5*r = 4*r + 2*i - 8. Let z = 15 + r. Suppose 0 = -5*y + 4*y + 1. Calculate the highest common factor of z and y.
1
Suppose -20 = -4*d + 3*h, -6*d + 2*d + 20 = 5*h. Suppose 0 = -3*k + 14 + 4. Let f = k + -5. What is the greatest common factor of d and f?
1
Let t(h) = -h**3 - h. Let v(d) = 19*d**3 - d**2 + 4*d. Let w(q) = -4*t(q) - v(q). Let m be w(-1). Let x = 68 - 28. What is the highest common factor of m and x?
8
Let c(p) = 2*p**2 + p + 5. Let y be c(3). What is the greatest common divisor of y and 182?
26
Let r be 4/(-10) + (-1824)/(-60). What is the greatest common factor of 10 and r?
10
Suppose 0 = -x + 6 - 4. Suppose -2*j - 20 = x*j. Let d be 2/j + 804/10. Calculate the greatest common factor of 10 and d.
10
Suppose 3*p = 2*h - 6*h - 33, -5*p + 1 = 2*h. Let g be h/14*7*-1. Let v be 108/5 - g/(-15). Calculate the highest common divisor of v and 33.
11
Let a(f) = 9*f**3 - 3*f + 2. Let n be a(1). What is the highest common factor of 1 and n?
1
Let p be 129/(9/(-3)) - 0. Let b = -25 - p. Calculate the highest common factor of 72 and b.
18
Suppose u - 4 = -9, 0 = -q + 2*u + 12. Calculate the greatest common divisor of 7 and q.
1
Suppose -2*d + 2*u = -0*d - 4, 4*d + 4*u - 8 = 0. Let c be 7*2*1 - d. Calculate the highest common factor of 30 and c.
6
Let x = 3 - -6. What is the greatest common factor of 81 and x?
9
Let t = 38 - 13. Let z(h) = 8*h + 1. Let w(k) = -12*k - 1. Let f(i) = -5*w(i) - 8*z(i). Let o be f(-2). What is the greatest common divisor of o and t?
5
Suppose k + 0*k = 81. Let l(s) = 3*s**3 - 2*s**2 + 2*s. Let o be l(2). Let x = o - 11. What is the highest common factor of x and k?
9
Let p = -38 - -68. Let h(y) = y**2 + 12*y + 7. Let l be h(-12). Let i be l*(120/21)/4. What is the greatest common divisor of i and p?
10
Let z(c) = 23*c - 3. Let y be z(-2). Let p = y - -126. Calculate the highest common divisor of p and 11.
11
Let y(u) = u**3 - 2*u**2 - 3*u + 3. Let t be y(3). Let g(j) = -j**3 + 15*j**2 + 2*j - 3. Let h be g(15). What is the greatest common divisor of h and t?
3
Suppose 4*s = -c + 51, -4*c = 3*s - 24 - 193. Let n = -11 + c. Calculate the greatest common divisor of 22 and n.
22
Let r = 60 + 75. What is the greatest common divisor of 15 and r?
15
Let n(m) be the third derivative of -m**4/6 - 4*m**3/3 - 2*m**2. Let o be n(-6). Let r(b) = 80*b. Let k be r(2). What is the highest common factor of o and k?
16
Let i = -169 - -313. Let h = -37 + 53. Calculate the greatest common divisor of i and h.
16
Let d(g) = g - 7. Let p be d(7). Suppose -4*x = -p*x - 68. What is the highest common factor of x and 85?
17
Let h be (2/2)/(1/(-16)). Let x be ((-60)/(-16))/(2/h). Let g = -13 - x. What is the highest common divisor of g and 51?
17
Let p = 58 + -52. Calculate the highest common divisor of 2 and p.
2
Let s(p) = -p**3 - 6*p**2 - 2*p - 6. Suppose -2*l - 4 = 8. Let j be s(l). Calculate the greatest common factor of j and 15.
3
Suppose 4*i - 45 = i. Let c = 6 - 9. Let o be (-10)/2*c/3. What is the highest common factor of i and o?
5
Let n be 270/(-4)*(-7 - (-152)/40). What is the highest common divisor of 24 and n?
24
Suppose 4 = -2*r - s, -4*r - 4*s = -5*s + 20. Let w be (40/r)/(1/(-2)). Let x = 1 - -4. Calculate the highest common divisor of w and x.
5
Let h be (-99)/(-4) + (-3)/(-12). Suppose 3*k + 2*k - h = 0. What is the greatest common divisor of 20 and k?
5
Suppose 3*v = 3*x + 15, 2 = -2*x - 0. Let k be v/(-3)*(-21)/2. Calculate the highest common divisor of 21 and k.
7
Let j be 1/((-1 - 0) + 129/126). What is the greatest common divisor of 28 and j?
14
Let g(d) = d**3 - 11*d**2 + 2. Let k be g(11). Suppose 0 = 2*m + 4*a + 2 + k, -5*m + a = -45. What is the greatest common divisor of 88 and m?
8
Suppose 0 = -4*g - 164 + 648. What is the greatest common divisor of g and 11?
11
Suppose 2*q - 45 = 5. Let y be (-700)/(-2)*(-2)/(-4). What is the greatest common factor of q and y?
25
Let v be 4/(-2) + (-2 - -86). Let c = 117 - v. Calculate the greatest common divisor of c and 5.
5
Let x(s) = s**2 + 3*s - 1. Let k be x(-4). Calculate the highest common divisor of k and 12.
3
Suppose 0 = -5*b - 0*b - 1310. Let m = b - -397. Calculate the greatest common factor of m and 15.
15
Let q(x) = -x**3 + 3*x**2 + 3*x + 4. Let g be q(3). What is the greatest common factor of g and 91?
13
Suppose 6*j - 1711 = -367. What is the greatest common factor of j and 28?
28
Let g(k) = k**2 - 5*k - 10. Let t be g(8). Suppose 5*l - l - 280 = 0. Calculate the greatest common factor of l and t.
14
Suppose r - 14 - 8 = -4*x, -5*r + 65 = 5*x. Suppose 3*o - 10 = -2*o. Let l be o + 0 + (1 - -7). What is the highest common factor of l and r?
10
Let l(n) = -2*n + 18. Let q be l(5). What is the highest common divisor of q and 12?
4
Suppose -3*w - 9 = -4*g, 3*g - 7*g + 2*w + 14 = 0. Suppose -h - g = 34. Let k be 10/(-15) + h/(-6). Calculate the highest common divisor of k and 6.
6
Let b be (4/(-10))/(2/(-160)). Let d = -110 + 126. Calculate the highest common factor of b and d.
16
Let t = -15 - -10. Let j be (82/4)/(t/20). Let g = 137 + j. Calculate the greatest common divisor of 5 and g.
5
Let n(a) = 28*a + 119. Let m be n(-3). Let y be (-20)/(-6)*(-3)/(-2). What is the highest common factor of y and m?
5
Suppose 1 = u + 4*d, 0 = -u + 6*u + d - 100. What is the greatest common divisor of 84 and u?
21
Suppose -a + 50 = 5*v, 3*a = -0*v - 3*v + 114. Let j be 2 + a + 0 + -2. What is the greatest common factor of j and 7?
7
Let d be 18/4*4/(-3). Let i be 6/4*(-20)/d. Let y be (-6)/2*40/(-3). Calculate the highest common divisor of y and i.
5
Let a = 90 + -18. What is the greatest common factor of a and 9?
9
Let d be 510/2*4/6. Suppose 2*k = -30 + d. What is the highest common factor of k and 7?
7
Let t = 63 + 71. Suppose 2*g = 4*g - 114. Let p = t - g. What is the greatest common factor of 11 and p?
11
Let f be (-5 + 3)*(1 + -2). Suppose -3*j + t = -371, f*t = j - 129 + 12. What is the greatest common divisor of 50 and j?
25
Suppose 0 = 4*k + 3*c - 151, 5*c + 261 = 4*k + 86. Let j be (8/(-10))/((-1)/20). Calculate the greatest common divisor of j and k.
8
Let p(f) = -4*f**2 + 3*f**2 - 2 + 2*f**2. Let x be p(-2). Let q be (44/6)/(6/18). What is the greatest common divisor of q and x?
2
Let y be 4/(-16) + 17/4. Suppose -x = y*p - 28, 0 = -3*x - p + 8 + 43. What is the greatest common divisor of 144 and x?
16
Let s be -3*(1 - 24/9). Let u = s + 7. Calculate the highest common divisor of 8 and u.
4
Suppose 0 = 2*w + 3*w + 10. Let n = w - -5. Let o be ((-5)/n)/((-4)/192). Calculate the highest common factor of 10 and o.
10
Let x = 4 - -29. Suppose -33 = -4*j + 11. Calculate the highest common divisor of j and x.
11
Suppose -2*p - 3*p + 770 = 0. What is the greatest common factor of 22 and p?
22
Let o be 39/(-2)*80/15. Let m be 1 + 5/((-5)/o). Suppose m + 168 = 4*l + 3*b, 5*b - 119 = -2*l. Calculate the greatest common divisor of l and 18.
18
Let j be (-2)/8 + (-270)/(-24). Calculate the greatest common divisor of j and 22.
11
Let g(i) = -i**3 + 3*i**2 + i + 4. Let t be g(4). Let s be ((-5)/(-10))/(1/48). Let q = t + s. What is the highest common factor of 32 and q?
16
Suppose 50 = 3*m - 5*f - 11, 16 = 3*m + 4*f. Suppose 12*c - m = 8*c. What is the highest common divisor of c and 27?
3
Let m = -694 - -82. Let x = -117 - m. Suppose -s - x = -6*s. What is the